 greatest common factor of 18690 and 8715?
105
What is the greatest common factor of 4115 and 6865?
5
Calculate the greatest common divisor of 323 and 33630.
19
What is the greatest common divisor of 4 and 9197?
1
Calculate the highest common divisor of 200039 and 7667.
697
What is the highest common divisor of 230 and 14720?
230
Calculate the greatest common factor of 40133 and 2995.
599
Calculate the greatest common factor of 13289 and 2231.
97
What is the greatest common divisor of 48 and 64544?
16
Calculate the highest common factor of 2944 and 3712.
128
Calculate the greatest common divisor of 1155 and 1015.
35
Calculate the highest common factor of 3393 and 2126280.
1131
Calculate the highest common factor of 20842 and 68.
34
Calculate the highest common divisor of 262 and 2720346.
262
What is the greatest common factor of 699238 and 19?
19
Calculate the greatest common factor of 171 and 11001.
57
What is the highest common factor of 118912 and 128?
128
What is the greatest common factor of 491 and 1958108?
491
What is the greatest common divisor of 81 and 3537?
27
What is the highest common factor of 255 and 253245?
15
Calculate the greatest common factor of 34 and 42551.
17
Calculate the greatest common divisor of 90816 and 8.
8
Calculate the greatest common divisor of 65 and 1600.
5
Calculate the greatest common divisor of 185650 and 376.
94
Calculate the highest common factor of 71159 and 22.
11
Calculate the greatest common factor of 466383 and 3.
3
What is the greatest common factor of 26 and 11500814?
26
Calculate the greatest common factor of 3553308 and 324.
324
What is the greatest common factor of 1243 and 19323?
113
What is the greatest common factor of 154 and 10585498?
154
What is the greatest common factor of 612 and 6348?
12
What is the highest common factor of 305 and 70?
5
What is the highest common factor of 278001 and 5865?
1173
What is the greatest common factor of 7358 and 39620?
566
Calculate the highest common factor of 10428 and 395.
79
Calculate the greatest common divisor of 5017 and 6920.
173
What is the highest common divisor of 378 and 72387?
189
Calculate the greatest common factor of 10080 and 15456.
672
Calculate the highest common divisor of 182 and 26806.
26
What is the greatest common factor of 60928 and 140?
28
Calculate the highest common factor of 147 and 117159.
147
Calculate the greatest common divisor of 28644 and 2156.
308
What is the greatest common divisor of 2939 and 18?
1
What is the greatest common divisor of 9485 and 34405?
35
Calculate the highest common divisor of 115 and 315.
5
Calculate the highest common factor of 1052 and 2012.
4
What is the greatest common divisor of 2492 and 232468?
356
Calculate the greatest common factor of 561 and 232881.
33
Calculate the greatest common factor of 5845849 and 29.
29
What is the highest common factor of 13184 and 2048?
128
What is the highest common divisor of 583 and 3074?
53
What is the greatest common factor of 526 and 105463?
263
What is the greatest common factor of 2808 and 85320?
216
Calculate the highest common factor of 96 and 1452.
12
What is the greatest common factor of 85 and 4436065?
85
Calculate the greatest common factor of 17240 and 25429.
431
Calculate the highest common divisor of 209253 and 561.
561
What is the highest common divisor of 407 and 34859?
11
Calculate the greatest common divisor of 217052 and 44.
44
What is the greatest common factor of 503283 and 110?
11
What is the greatest common factor of 234 and 48798?
18
Calculate the highest common divisor of 54 and 834354.
54
What is the greatest common divisor of 35650 and 30130?
230
What is the greatest common divisor of 84 and 3366132?
84
What is the highest common divisor of 40944 and 5872?
16
Calculate the highest common divisor of 216 and 92616.
24
Calculate the greatest common factor of 752 and 8648.
376
Calculate the highest common divisor of 10 and 212690.
10
Calculate the highest common factor of 33 and 39633.
33
What is the highest common divisor of 63 and 20577?
3
What is the greatest common factor of 1210 and 102190?
110
Calculate the greatest common divisor of 13224 and 487896.
696
What is the highest common divisor of 76 and 299706?
38
What is the highest common factor of 9 and 333978?
3
What is the highest common factor of 18436 and 264?
44
What is the greatest common divisor of 891 and 2648943?
891
Calculate the highest common factor of 14394353 and 79.
79
Calculate the highest common divisor of 127653 and 6.
3
What is the highest common divisor of 22052 and 26522?
298
What is the greatest common divisor of 1232 and 60907?
77
What is the highest common factor of 1279686 and 6?
6
Calculate the greatest common factor of 39 and 46563.
3
Calculate the highest common factor of 204 and 27096.
12
What is the highest common divisor of 6900 and 1350?
150
Calculate the greatest common divisor of 2548 and 5768.
28
Calculate the greatest common divisor of 299024 and 16.
16
What is the greatest common divisor of 535 and 13054?
107
Calculate the highest common divisor of 91240 and 1780.
20
What is the greatest common divisor of 262 and 13?
1
Calculate the greatest common divisor of 43880 and 3880.
40
What is the highest common divisor of 58 and 5629306?
58
Calculate the greatest common factor of 1408 and 291808.
352
Calculate the greatest common divisor of 1030 and 47998.
206
What is the greatest common factor of 312 and 403?
13
Calculate the greatest common factor of 124503 and 141.
141
Calculate the highest common factor of 37960 and 48.
8
Calculate the greatest common divisor of 80234 and 66.
22
What is the greatest common factor of 48200 and 2060?
20
Calculate the highest common divisor of 10368 and 2268.
324
What is the highest common factor of 21165 and 30?
15
What is the highest common divisor of 154 and 12698?
14
Calculate the greatest common divisor of 310545 and 8040.
1005
Calculate the greatest common divisor of 36277080 and 30.
30
Calculate the highest common factor of 96032 and 160.
32
Calculate the highest common factor of 108750 and 915.
15
Calculate the greatest common divisor of 21780 and 120.
60
Calculate the greatest common divisor of 319488 and 6.
6
What is the greatest common factor of 1672082 and 174?
58
What is the greatest common factor of 26 and 44917?
1
Calculate the highest common factor of 98 and 29792.
98
What is the greatest common factor of 2057 and 14641?
121
Calculate the highest common divisor of 325871 and 273.
91
What is the highest common factor of 1853 and 9047?
109
Calculate the greatest common factor of 31764 and 300.
12
What is the highest common factor of 54 and 58554?
18
Calculate the greatest common factor of 29112 and 144.
24
Calculate the highest common factor of 2948 and 27068.
268
What is the highest common factor of 115689 and 147?
147
Calculate the highest common divisor of 54 and 336177.
27
What is the greatest common factor of 443534 and 35?
7
Calculate the highest common divisor of 2289 and 14.
7
Calculate the highest common divisor of 875 and 14665.
35
What is the highest common factor of 89200 and 500?
100
What is the highest common divisor of 20617 and 23320?
53
What is the highest common factor of 33496 and 17064?
632
What is the highest common divisor of 57915 and 1716?
429
What is the highest common divisor of 113886 and 18?
18
Calculate the greatest common divisor of 2988 and 623828.
332
Calculate the greatest common divisor of 85144 and 174.
58
What is the greatest common factor of 3256 and 40108?
148
What is the highest common divisor of 336 and 8016?
48
What is the highest common divisor of 4600 and 2437080?
920
What is the greatest common divisor of 3248 and 6929608?
1624
What is the highest common factor of 19175 and 19765?
295
What is the greatest common factor of 54 and 80082?
54
Calculate the greatest common divisor of 8750 and 15.
5
Calculate the highest common divisor of 3598 and 20.
2
What is the greatest common factor of 9657 and 2697?
87
What is the highest common factor of 380 and 18696?
76
Calculate the highest common factor of 504 and 17192.
56
What is the greatest common divisor of 4930 and 232?
58
What is the greatest common factor of 3477 and 184647?
183
Calculate the highest common fact